901*x - 8. Calculate r(-6).
-2
Let d(p) = 2*p**3 - 16*p**2 + 9*p + 92. What is d(4)?
0
Let v(k) = -k**3 - 28*k**2 + 25*k + 14. Give v(-29).
130
Let m(z) = -2*z**3 + 64*z**2 + 549*z - 17573. Calculate m(32).
-5
Let k(s) = 3*s**2 + 81*s - 716. Determine k(-34).
-2
Let u(g) = g**2 - 453*g - 3213. Give u(-7).
7
Let t(a) = -a**3 - 10*a**2 - 14*a + 33. Determine t(-5).
-22
Let l(f) = f**2 + 38*f + 346. What is l(-16)?
-6
Let i(u) = -21*u**2 - 38*u - 121. Determine i(-3).
-196
Let a(z) = 159*z - 622. What is a(4)?
14
Let y(p) = 22*p + 964. Give y(-44).
-4
Let f(g) = 2*g**2 + 1078*g + 65659. Calculate f(-70).
-1
Let a(x) = x**3 + 11*x**2 - 29*x + 180. Calculate a(-11).
499
Let c(x) = 208*x + 23. Determine c(0).
23
Let u(a) = -57*a**2 - 453*a + 538. Calculate u(-9).
-2
Let g(f) = 4*f**2 - 16*f + 8. Give g(5).
28
Let m(p) = -2113*p + 407809. Give m(193).
0
Let t(s) = -s**2 + 36*s + 257. Give t(43).
-44
Let l(q) = 4*q**3 + 6*q**2 + q - 43. Give l(2).
15
Let a(f) = -52*f - 248. Calculate a(-11).
324
Let l(t) = 7*t**3 + 63*t**2 + 7*t - 12. What is l(-7)?
625
Let g(v) = -15*v**2 + 49*v - 52. Give g(3).
-40
Let s(t) = t**3 - 2*t**2 + 13*t - 106. What is s(5)?
34
Let k(a) = -2*a**3 + 5*a**2 + 497*a - 70. Calculate k(17).
-2
Let u(a) = -2*a**3 + 78*a**2 - 449*a + 31. Calculate u(32).
-1
Let x(j) = 25*j + 2. Give x(2).
52
Let k(d) = -11*d - 37. What is k(12)?
-169
Let s(d) = d**3 + 26*d**2 + 13. Give s(-26).
13
Let j(w) = -w**2 - 12*w + 67. Give j(17).
-426
Let r(j) = 60*j - 1018. Give r(17).
2
Let u(d) = -d**3 - 14*d**2 + 454*d - 285. Calculate u(15).
0
Let s(l) = -176*l + 1611. What is s(9)?
27
Let q(d) = -d**3 - 25*d**2 + 495*d + 58. Calculate q(-38).
20
Let n(x) = 919*x - 935. Calculate n(1).
-16
Let h(g) = 1650*g - 13211. Give h(8).
-11
Let x(f) = f**2 - 96*f - 286. Give x(99).
11
Let i(v) = -32*v + 214. Determine i(7).
-10
Let w(x) = 23*x - 2. Determine w(-9).
-209
Let q(f) = -f**2 - 5*f + 5. Give q(0).
5
Let l(m) = -m**2 - 153*m - 265. Give l(-151).
37
Let q(z) = -12*z**2 - 98*z + 193. Calculate q(2).
-51
Let s(c) = c**2 - 478*c - 3849. Determine s(-8).
39
Let m(r) = r**2 + 81*r + 1318. Give m(-22).
20
Let r(v) = 2*v**2 - 92*v + 714. Give r(9).
48
Let s(k) = 169*k + 11660. Give s(-69).
-1
Let y(r) = -15*r**2 - 1024*r - 283. Determine y(-68).
-11
Let h(t) = 501*t - 7469. Give h(15).
46
Let a(y) = -y**2 + 790*y - 2. Give a(0).
-2
Let f(t) = -19*t - 137. Determine f(-8).
15
Let a(s) = s**3 + 22*s**2 + 22*s - 178. Give a(-21).
-199
Let m(n) = 157*n + 1629. What is m(-10)?
59
Let w(i) = -8*i**2 + 9*i + 27. Determine w(-3).
-72
Let q(y) = y**3 - 8*y**2 - 33*y + 56. Calculate q(10).
-74
Let g(f) = f**3 - 15*f**2 + 61*f - 34. Determine g(11).
153
Let t(l) = -8*l**2 + 201*l - 222. Determine t(24).
-6
Let g(n) = n**2 + 17*n - 2002. What is g(-54)?
-4
Let z(o) = 1759*o - 15816. What is z(9)?
15
Let b(h) = -34*h - 1055. What is b(-31)?
-1
Let s(v) = -3*v**3 - 48*v**2 - 168*v + 2. What is s(-5)?
17
Let l(w) = w**3 - 105*w**2 + 328*w - 2239. Calculate l(102).
5
Let v(x) = -2*x**2 + 13*x - 36. Give v(-16).
-756
Let y(k) = -k**3 - 16*k**2 + 45*k + 473. What is y(-17)?
-3
Let a(r) = 9*r**2 - 15*r. Give a(2).
6
Let p(l) = 32*l + 3041. Calculate p(-95).
1
Let x(a) = -a**2 - 17*a - 87. Calculate x(-21).
-171
Let m(s) = -s**3 - 42*s**2 - 78*s + 63. Calculate m(-40).
-17
Let x(p) = 7*p**2 + 90*p - 21. Determine x(-13).
-8
Let j(h) = h**3 + 13*h**2 + 8*h - 9. What is j(-13)?
-113
Let v(k) = 2*k**2 - 38*k - 192. What is v(21)?
-108
Let s(f) = f**2 + 211*f - 4381. Give s(19).
-11
Let p(d) = d**3 - 98*d**2 + 1825*d + 12. Determine p(25).
12
Let c(j) = 2*j**2 - 851*j + 5875. Calculate c(7).
16
Let b(j) = -5*j**3 + 2*j + 1. What is b(-1)?
4
Let p(c) = -8*c**2 - 261*c + 40. What is p(-33)?
-59
Let u(f) = 2*f**3 - 9*f**2 + 18*f + 3. Give u(6).
219
Let h(v) = -3*v**2 - 26*v + 34. Determine h(-10).
-6
Let i(f) = -752*f + 2837. What is i(4)?
-171
Let b(j) = -2*j**3 - 34*j**2 - 99*j - 2430. Determine b(-18).
0
Let d(z) = 10*z + 51. Give d(-5).
1
Let x(d) = -4*d**3 + 5*d**2 + d - 14. What is x(5)?
-384
Let t(l) = 398*l - 103. Give t(1).
295
Let y(n) = -3*n**3 - 14*n**2 + 51*n + 12. What is y(-7)?
-2
Let r(h) = 2*h**3 + 18*h**2 - 57*h - 52. What is r(-11)?
91
Let j(x) = 9*x**2 + 90*x + 26. Determine j(-10).
26
Let r(t) = 9*t**2 - 780*t + 1271. Give r(85).
-4
Let z(s) = -134*s - 568. Calculate z(-6).
236
Let s(g) = -257*g - 1788. What is s(-7)?
11
Let f(g) = 409*g + 421. Calculate f(-1).
12
Let c(u) = -u**3 + 5*u**2 + 7*u + 50. Calculate c(7).
1
Let c(p) = -2644*p + 5268. What is c(2)?
-20
Let f(j) = 2*j**2 + 336*j - 1023. Calculate f(-171).
3
Let o(c) = 1096*c + 42732. What is o(-39)?
-12
Let d(t) = t**3 - 16*t**2 + 51*t - 32. Calculate d(3).
4
Let z(n) = -6*n - 37. Give z(-16).
59
Let x(i) = -70*i - 2. Determine x(3).
-212
Let r(v) = -4*v + 159. What is r(-18)?
231
Let o(t) = -184*t + 2767. What is o(15)?
7
Let v(x) = x**2 - 75*x + 201. Calculate v(73).
55
Let b(d) = -2*d**3 - 13*d**2 - 10*d + 9. What is b(-4)?
-31
Let s(y) = -91*y**2 - 1003*y - 12. Determine s(-11).
10
Let d(k) = -k**2 + 41*k + 22. Give d(41).
22
Let j(o) = o**2 + 24*o + 140. Determine j(-8).
12
Let d(b) = -b**3 + 46*b**2 - 311*b + 30. Determine d(38).
-236
Let c(w) = -w**2 + 23*w - 118. Determine c(12).
14
Let k(r) = r**2 + 28*r - 95. Calculate k(-33).
70
Let h(g) = -11*g**3 - 3. Determine h(2).
-91
Let j(w) = -3*w**2 - 152*w - 1846. Give j(-20).
-6
Let o(b) = 5*b**3 + 339*b**2 - 1041*b + 5. What is o(3)?
68
Let d(c) = 462*c + 9235. What is d(-20)?
-5
Let l(k) = 88*k**2 + 4136*k - 6. Determine l(-47).
-6
Let k(b) = b**3 + b**2 + 7*b - 10. Give k(0).
-10
Let x(f) = -f**3 - 82*f**2 + 163*f - 431. What is x(-84)?
-11
Let q(v) = -8*v**3 - 159*v**2 + 21*v + 40. Determine q(-20).
20
Let c(x) = -76*x - 2322. What is c(-34)?
262
Let c(n) = n**3 - 8*n**2 + 15*n - 42. Give c(6).
-24
Let c(z) = -122*z + 621. Calculate c(5).
11
Let w(m) = m**2 - 7*m - 357. Give w(-13).
-97
Let k(a) = -342*a - 353. Determine k(-1).
-11
Let w(n) = 10*n + 86. Give w(-12).
-34
Let b(c) = -2*c**3 - 175*c**2 - 87*c + 229. Determine b(-87).
229
Let t(k) = k**2 + 61*k + 16. What is t(-59)?
-102
Let c(n) = 90*n + 58. Give c(-4).
-302
Let a(b) = -5207*b + 15621. Give a(3).
0
Let c(n) = -2*n**2 - 8*n + 71. Calculate c(9).
-163
Let a(c) = -129*c**3 - 3*c**2 + 2*c + 3. Determine a(-1).
127
Let b(i) = 2*i**2 - 38*i + 54. Determine b(17).
-14
Let y(o) = o**2 - 4*o + 83. Determine y(0).
83
Let u(f) = -f**2 + 158*f - 613. Give u(4).
3
Let o(s) = -31*s + 958. Determine o(43).
-375
Let j(t) = -179*t + 3922. Give j(22).
-16
Let t(m) = -m**3 - 11*m**2 - 9*m - 27. Determine t(-12).
225
Let z(k) = 3*k**3 - 81*k**2 - 271*k - 36. Determine z(30).
-66
Let q(t) = -t**2 + 52*t + 1276. Determine q(-18).
16
Let m(p) = 16*p**2 + 158*p - 198. Give m(-11).
0
Let x(f) = f**3 - 16*f**2 + 4*f - 62. Give x(15).
-227
Let j(x) = 7*x**2 + 94*x + 13. Give j(-13).
-26
Let w(c) = c**2 + 13*c + 43. Give w(-9).
7
Let k(u) = -u**2 + 14*u - 40. Determine k(9).
5
Let g(s) = 142*s - 1707. What is g(13)?
139
Let w(c) = -2880*c + 14394. Determine w(5).
-6
Let h(r) = r**3 + 226*r**2 + 224*r - 273. What is h(-225)?
-48
Let b(s) = 411*s + 8. What is b(1)?
419
Let u(d) = -d**3 + 42*d**2 + 52*d - 340. Determine u(43).
47
Let a(z) = -274*z**3 + 3*z**2 - 4*z - 7. What is a(-1)?
274
Let b(h) = 1087*h - 5428. Give b(5).
7
Let x(o) = -4*o**2 + 95*o + 26. Calculate x(24).
2
Let w(j) = 4*j**2 - 196*j + 334. What is w(49)?
334
Let p(v) = -42*v**2 - 634*v - 34. Determine p(-15).
26
Let u(h) = 136*h - 946. Give u(7).
6
Let n(p) = 918*p - 6448. Calculate n(7).
-22
Let x(h) = -h**3 + 13*h**2 + 28*h + 24. Calculate x(15).
-6
Let d(w) = -22*w**2 + 173*w - 91. Give d(7).
42
Let y(s) = -14*s**2 - 261*s - 5. Calculate y(-20).
-385
Let w(k) = 263*k - 5254. Calculate w(20).
6
Let m(v) = 7*v - 53. Calculate m(-11).
-130
Let n(p) = -4*p**2 + 21*p - 21. Give n(9).
-156
Let r(k) = 27*k - 426. Give r(12).
-102
Let y(z) = -31*z**2 - 186*z - 14. What is y(-6)?
-14
Let o(y) = y**2 - 37*y + 314. Determine o(24).
2
Let x(w) = -38*w - 1614. What is x(-42)?
-18
Let g(o) = -o**2 - 14*o + 42. Give g(4).
-30
Let y(p) = p**2 + 34*p - 1472. Determine y(25).
3
Let d(s) = s**2 + 21*s + 55. Give d(-20).
35
Let v(t) = 2*t**3 - 9*t**2 + 4